{"id":82,"date":"2022-05-12T21:08:50","date_gmt":"2022-05-12T19:08:50","guid":{"rendered":"http:\/\/espb.be\/test\/?page_id=82"},"modified":"2026-03-31T10:56:27","modified_gmt":"2026-03-31T08:56:27","slug":"la-formation","status":"publish","type":"page","link":"https:\/\/espb.be\/?page_id=82","title":{"rendered":"La formation"},"content":{"rendered":"\n<figure class=\"wp-block-image size-full\"><img loading=\"lazy\" decoding=\"async\" width=\"991\" height=\"329\" src=\"https:\/\/espb.be\/wp-content\/uploads\/2022\/06\/ESPB3-1.jpg\" alt=\"\" class=\"wp-image-515\" srcset=\"https:\/\/espb.be\/wp-content\/uploads\/2022\/06\/ESPB3-1.jpg 991w, https:\/\/espb.be\/wp-content\/uploads\/2022\/06\/ESPB3-1-300x100.jpg 300w, https:\/\/espb.be\/wp-content\/uploads\/2022\/06\/ESPB3-1-768x255.jpg 768w\" sizes=\"(max-width: 991px) 100vw, 991px\" \/><\/figure>\n\n\n\n<div style=\"height:21px\" aria-hidden=\"true\" class=\"wp-block-spacer\"><\/div>\n\n\n\n<p><strong><mark style=\"background-color:#ffffff\" class=\"has-inline-color has-vivid-cyan-blue-color\">Toutes les informations mentionn\u00e9es sur les diff\u00e9rentes pages de ce site sont rest\u00e9es pr\u00e9sentes pour archives. En effet, l&rsquo;ESPB a cess\u00e9 toute organisation de programme de formation en ao\u00fbt 2025.<\/mark><\/strong><\/p>\n\n\n\n<div class=\"wp-block-buttons is-content-justification-center is-layout-flex wp-container-core-buttons-is-layout-1 wp-block-buttons-is-layout-flex\"><\/div>\n\n\n<nav style=\"color: #336699; font-size:14px;\" class=\"has-text-color is-responsive items-justified-center wp-block-navigation is-content-justification-center is-layout-flex wp-container-core-navigation-is-layout-1 wp-block-navigation-is-layout-flex\" aria-label=\"Sous-menu La formation\" \n\t\t data-wp-interactive=\"core\/navigation\" data-wp-context='{\"overlayOpenedBy\":{\"click\":false,\"hover\":false,\"focus\":false},\"type\":\"overlay\",\"roleAttribute\":\"\",\"ariaLabel\":\"Menu\"}'><button aria-haspopup=\"dialog\" aria-label=\"Ouvrir le menu\" class=\"wp-block-navigation__responsive-container-open \" \n\t\t\t\tdata-wp-on--click=\"actions.openMenuOnClick\"\n\t\t\t\tdata-wp-on--keydown=\"actions.handleMenuKeydown\"\n\t\t\t><svg width=\"24\" height=\"24\" xmlns=\"http:\/\/www.w3.org\/2000\/svg\" viewBox=\"0 0 24 24\" aria-hidden=\"true\" focusable=\"false\"><rect x=\"4\" y=\"7.5\" width=\"16\" height=\"1.5\" \/><rect x=\"4\" y=\"15\" width=\"16\" height=\"1.5\" \/><\/svg><\/button>\n\t\t\t\t<div class=\"wp-block-navigation__responsive-container  \" style=\"\" id=\"modal-1\" \n\t\t\t\tdata-wp-class--has-modal-open=\"state.isMenuOpen\"\n\t\t\t\tdata-wp-class--is-menu-open=\"state.isMenuOpen\"\n\t\t\t\tdata-wp-watch=\"callbacks.initMenu\"\n\t\t\t\tdata-wp-on--keydown=\"actions.handleMenuKeydown\"\n\t\t\t\tdata-wp-on--focusout=\"actions.handleMenuFocusout\"\n\t\t\t\ttabindex=\"-1\"\n\t\t\t>\n\t\t\t\t\t<div class=\"wp-block-navigation__responsive-close\" tabindex=\"-1\">\n\t\t\t\t\t\t<div class=\"wp-block-navigation__responsive-dialog\" \n\t\t\t\tdata-wp-bind--aria-modal=\"state.ariaModal\"\n\t\t\t\tdata-wp-bind--aria-label=\"state.ariaLabel\"\n\t\t\t\tdata-wp-bind--role=\"state.roleAttribute\"\n\t\t\t>\n\t\t\t\t\t\t\t<button aria-label=\"Fermer le menu\" class=\"wp-block-navigation__responsive-container-close\" \n\t\t\t\tdata-wp-on--click=\"actions.closeMenuOnClick\"\n\t\t\t><svg xmlns=\"http:\/\/www.w3.org\/2000\/svg\" viewBox=\"0 0 24 24\" width=\"24\" height=\"24\" aria-hidden=\"true\" focusable=\"false\"><path d=\"M13 11.8l6.1-6.3-1-1-6.1 6.2-6.1-6.2-1 1 6.1 6.3-6.5 6.7 1 1 6.5-6.6 6.5 6.6 1-1z\"><\/path><\/svg><\/button>\n\t\t\t\t\t\t\t<div class=\"wp-block-navigation__responsive-container-content\" \n\t\t\t\tdata-wp-watch=\"callbacks.focusFirstElement\"\n\t\t\t id=\"modal-1-content\">\n\t\t\t\t\t\t\t\t<ul style=\"color: #336699; font-size:14px;\" class=\"wp-block-navigation__container has-text-color is-responsive items-justified-center wp-block-navigation\"><li style=\"font-size: 14px;\" class=\" wp-block-navigation-item wp-block-navigation-link\"><a class=\"wp-block-navigation-item__content\"  href=\"https:\/\/espb.be\/?page_id=82\"><span class=\"wp-block-navigation-item__label\"><strong>La formation<\/strong><\/span><\/a><\/li><li style=\"font-size: 14px;\" class=\" wp-block-navigation-item wp-block-navigation-link\"><a class=\"wp-block-navigation-item__content\"  href=\"https:\/\/espb.be\/?page_id=181\"><span class=\"wp-block-navigation-item__label\"><strong>Les formateurs<\/strong><\/span><\/a><\/li><\/ul><ul style=\"color: #336699; font-size:14px;\" class=\"wp-block-navigation__container has-text-color is-responsive items-justified-center wp-block-navigation\"><li style=\"font-size: 14px;\" class=\" wp-block-navigation-item wp-block-navigation-link\"><a class=\"wp-block-navigation-item__content\"  href=\"https:\/\/espb.be\/?page_id=263\"><span class=\"wp-block-navigation-item__label\"><strong>Organisation<\/strong><\/span><\/a><\/li><\/ul>\n\t\t\t\t\t\t\t<\/div>\n\t\t\t\t\t\t<\/div>\n\t\t\t\t\t<\/div>\n\t\t\t\t<\/div><\/nav>\n\n\n<div style=\"height:25px\" aria-hidden=\"true\" class=\"wp-block-spacer\"><\/div>\n\n\n\n<h3 class=\"wp-block-heading\">Moyens p\u00e9dagogiques<\/h3>\n\n\n\n<p>La m\u00e9thodologie pr\u00f4n\u00e9e \u00e0 l&rsquo;<strong>ESPB<\/strong> est centr\u00e9e sur une articulation constante entre des savoirs th\u00e9oriques et pratiques ; elle s&rsquo;appuie notamment sur l&rsquo;exp\u00e9rience professionnelle des \u00e9tudiants.<\/p>\n\n\n\n<h6 class=\"wp-block-heading\">Ancrage<\/h6>\n\n\n\n<p>Au terme de chaque module, une d\u00e9marche est propos\u00e9e par le formateur pour permettre \u00e0 l&rsquo;\u00e9tudiant de faire la synth\u00e8se des acquis li\u00e9s au module. Les modalit\u00e9s du Travail d&rsquo;Ancrage sont pr\u00e9cis\u00e9es dans le descriptif de chaque module.<\/p>\n\n\n\n<h6 class=\"wp-block-heading\">Production Int\u00e9gr\u00e9e<\/h6>\n\n\n\n<p>Pour les \u00e9tudiants r\u00e9guliers, la certification des diff\u00e9rentes \u00e9tapes de la formation \u00e0 l&rsquo;<strong>ESPB<\/strong> porte sur la r\u00e9alisation d&rsquo;une Production Int\u00e9gr\u00e9e (PI) qui vise l&rsquo;int\u00e9gration des savoirs et des savoir-faire d\u00e9velopp\u00e9s dans le cadre des modules et l&rsquo;articulation entre la formation et la pratique professionnelle.<br>La PI se construit en diff\u00e9rentes \u00e9tapes :<\/p>\n\n\n\n<ul>\n<li>choix d&rsquo;une question en rapport avec la pratique professionnelle de l&rsquo;\u00e9tudiant,<\/li>\n\n\n\n<li>organisation du travail,<\/li>\n\n\n\n<li>d\u00e9couverte de la litt\u00e9rature sur le sujet,<\/li>\n\n\n\n<li>traitement et analyse des r\u00e9sultats,\u00a0<\/li>\n\n\n\n<li>prise de recul critique,<\/li>\n\n\n\n<li>r\u00e9daction,<\/li>\n\n\n\n<li>communication \u00e9crite et orale devant un jury.<\/li>\n<\/ul>\n","protected":false},"excerpt":{"rendered":"<p>Toutes les informations mentionn\u00e9es sur les diff\u00e9rentes pages de ce site sont rest\u00e9es pr\u00e9sentes pour archives. En effet, l&rsquo;ESPB a cess\u00e9 toute organisation de programme de formation en ao\u00fbt 2025. &#8230;<\/p>\n","protected":false},"author":1,"featured_media":0,"parent":0,"menu_order":0,"comment_status":"closed","ping_status":"closed","template":"","meta":{"footnotes":""},"_links":{"self":[{"href":"https:\/\/espb.be\/index.php?rest_route=\/wp\/v2\/pages\/82"}],"collection":[{"href":"https:\/\/espb.be\/index.php?rest_route=\/wp\/v2\/pages"}],"about":[{"href":"https:\/\/espb.be\/index.php?rest_route=\/wp\/v2\/types\/page"}],"author":[{"embeddable":true,"href":"https:\/\/espb.be\/index.php?rest_route=\/wp\/v2\/users\/1"}],"replies":[{"embeddable":true,"href":"https:\/\/espb.be\/index.php?rest_route=%2Fwp%2Fv2%2Fcomments&post=82"}],"version-history":[{"count":22,"href":"https:\/\/espb.be\/index.php?rest_route=\/wp\/v2\/pages\/82\/revisions"}],"predecessor-version":[{"id":722,"href":"https:\/\/espb.be\/index.php?rest_route=\/wp\/v2\/pages\/82\/revisions\/722"}],"wp:attachment":[{"href":"https:\/\/espb.be\/index.php?rest_route=%2Fwp%2Fv2%2Fmedia&parent=82"}],"curies":[{"name":"wp","href":"https:\/\/api.w.org\/{rel}","templated":true}]}}